common factor of 6489 and 6174.
63
Calculate the greatest common divisor of 29 and 247747.
29
What is the greatest common divisor of 1428884 and 68?
68
Calculate the highest common factor of 166110 and 8085.
735
Calculate the highest common factor of 1261362 and 516.
258
Calculate the greatest common factor of 78942 and 12.
6
Calculate the highest common divisor of 23380 and 119.
7
What is the greatest common factor of 334012 and 12?
4
What is the greatest common divisor of 831040 and 280?
280
What is the greatest common factor of 4056 and 1920?
24
Calculate the greatest common divisor of 1470 and 822.
6
What is the highest common factor of 219708 and 99?
9
Calculate the greatest common divisor of 222766 and 62.
62
Calculate the highest common divisor of 768 and 58112.
256
What is the highest common divisor of 145727 and 344?
43
What is the highest common factor of 11980 and 620?
20
What is the highest common factor of 16385 and 83810?
145
Calculate the greatest common factor of 48204 and 7423.
13
What is the greatest common factor of 1612 and 29718?
26
Calculate the greatest common factor of 4607 and 1037.
17
What is the highest common divisor of 33 and 126093?
33
Calculate the highest common divisor of 52788 and 55756.
212
Calculate the greatest common factor of 25 and 7560.
5
What is the highest common divisor of 604928 and 782?
34
What is the greatest common factor of 6734 and 3094?
182
What is the greatest common factor of 1802 and 878475?
901
What is the highest common divisor of 3082 and 6049?
23
Calculate the highest common factor of 287828 and 3008.
188
Calculate the greatest common factor of 227752 and 42.
14
Calculate the greatest common divisor of 10 and 72130.
10
What is the greatest common factor of 28 and 623490?
14
What is the greatest common divisor of 48 and 93712?
16
Calculate the highest common factor of 2418 and 18414.
186
Calculate the highest common divisor of 10672 and 118088.
232
What is the greatest common factor of 1262885 and 910?
65
Calculate the highest common divisor of 751120 and 240.
80
Calculate the greatest common factor of 800 and 40608.
32
Calculate the greatest common divisor of 84 and 33.
3
Calculate the highest common factor of 3956 and 16238.
46
Calculate the highest common divisor of 5146 and 9628.
166
What is the highest common divisor of 8 and 2570632?
8
Calculate the greatest common divisor of 9860 and 1105.
85
What is the highest common factor of 10692 and 89496?
396
Calculate the greatest common factor of 885365 and 159.
53
What is the greatest common divisor of 91 and 187733?
91
Calculate the highest common factor of 168 and 45720.
24
What is the highest common divisor of 23155 and 421?
421
Calculate the highest common divisor of 49110 and 60.
30
What is the greatest common factor of 596 and 80?
4
What is the greatest common factor of 6 and 60414?
6
Calculate the highest common factor of 11375 and 12675.
325
Calculate the highest common divisor of 285 and 5205.
15
What is the greatest common divisor of 820 and 5494?
82
Calculate the greatest common factor of 82 and 28.
2
What is the greatest common divisor of 697594 and 9808?
1226
What is the highest common divisor of 48 and 162984?
24
What is the highest common factor of 2089663 and 67?
67
What is the highest common divisor of 1388 and 159967?
347
Calculate the highest common factor of 17 and 652919.
17
Calculate the greatest common divisor of 153 and 162333.
153
What is the greatest common factor of 354571 and 518?
259
What is the highest common divisor of 343 and 27097?
343
Calculate the greatest common divisor of 3950 and 3350.
50
What is the greatest common divisor of 5568 and 37792?
32
Calculate the highest common factor of 259 and 10801.
7
Calculate the highest common divisor of 76 and 1572.
4
Calculate the greatest common divisor of 155814 and 6.
6
Calculate the greatest common factor of 1014 and 3614.
26
What is the greatest common divisor of 151382 and 6006?
154
Calculate the greatest common factor of 32 and 130176.
32
Calculate the highest common factor of 26 and 462514.
26
Calculate the highest common divisor of 63221 and 2483.
191
Calculate the highest common factor of 3379 and 17113.
109
What is the highest common factor of 3058296 and 122?
122
Calculate the greatest common factor of 9789 and 1911.
39
Calculate the highest common factor of 25402 and 442.
26
Calculate the highest common factor of 1766798 and 220.
22
Calculate the highest common divisor of 1638 and 416808.
126
What is the highest common divisor of 1312 and 1549144?
328
What is the greatest common factor of 65650 and 17550?
650
Calculate the greatest common factor of 1134 and 1098522.
162
What is the greatest common factor of 223 and 5685608?
223
Calculate the highest common factor of 99408 and 266.
38
Calculate the highest common divisor of 2695 and 13563.
11
What is the highest common divisor of 1786 and 385306?
94
What is the greatest common factor of 232 and 17806?
58
What is the highest common divisor of 7153 and 23?
23
Calculate the greatest common divisor of 2054 and 8086.
26
Calculate the highest common divisor of 306 and 419730.
102
Calculate the greatest common divisor of 310484 and 5.
1
What is the greatest common divisor of 11 and 1785696?
11
What is the highest common divisor of 1417 and 6976?
109
What is the greatest common divisor of 436 and 5337512?
436
What is the greatest common factor of 300 and 836300?
100
What is the highest common divisor of 233172 and 408?
204
What is the highest common divisor of 1179 and 49256?
131
Calculate the greatest common divisor of 273 and 513487.
13
Calculate the greatest common divisor of 1408 and 108944.
176
What is the greatest common factor of 3639715 and 1390?
695
What is the highest common factor of 88096 and 128?
32
What is the highest common factor of 33 and 17193?
33
Calculate the highest common divisor of 510664 and 616.
616
What is the highest common factor of 450 and 16830?
90
Calculate the greatest common factor of 4013207 and 242.
121
What is the highest common divisor of 15471 and 22920?
573
What is the greatest common divisor of 3980 and 295?
5
What is the greatest common factor of 1294 and 100285?
647
Calculate the highest common factor of 302280 and 40.
40
Calculate the greatest common factor of 17010 and 140.
70
Calculate the greatest common divisor of 3400221 and 561.
561
Calculate the greatest common divisor of 279739 and 79.
79
Calculate the highest common divisor of 4539 and 842385.
267
Calculate the highest common divisor of 1032 and 12864.
24
What is the highest common factor of 4 and 352575?
1
Calculate the highest common divisor of 70658 and 103.
103
Calculate the greatest common divisor of 58862 and 76.
38
Calculate the highest common divisor of 78 and 1220193.
39
What is the highest common factor of 377 and 15109?
29
Calculate the highest common divisor of 15247895 and 1105.
1105
Calculate the highest common divisor of 48667 and 164.
41
Calculate the greatest common divisor of 80 and 329860.
20
What is the greatest common divisor of 6645 and 50?
5
What is the highest common divisor of 518340 and 424?
212
What is the greatest common divisor of 232 and 922?
2
What is the greatest common divisor of 2920 and 35332?
292
What is the highest common divisor of 8023 and 195889?
71
Calculate the highest common divisor of 29 and 376217.
29
What is the highest common factor of 104 and 367016?
104
What is the highest common factor of 803 and 671?
11
Calculate the highest common factor of 65 and 34315.
5
What is the greatest common factor of 306516 and 1968?
492
What is the highest common divisor of 3976 and 55888?
56
Calculate the highest common factor of 3848 and 16280.
296
What is the highest common factor of 34 and 1802255?
17
What is the greatest common divisor of 350404 and 68?
68
What is the greatest common divisor of 111699 and 9456?
591
Calculate the highest common divisor of 11707 and 1527.
509
What is the greatest common divisor of 732 and 41846?
122
What is the greatest common factor of 13080 and 57240?
120
Calculate the greatest common divisor of 50 and 3506725.
25
Calculate the greatest common factor of 422472 and 58.
58
Calculate the highest common factor of 9696 and 79083.
303
What is